{"id":68,"date":"2026-03-29T15:13:18","date_gmt":"2026-03-29T13:13:18","guid":{"rendered":"https:\/\/qgarchitecte.com\/?page_id=68"},"modified":"2026-03-29T19:04:57","modified_gmt":"2026-03-29T17:04:57","slug":"a-propos","status":"publish","type":"page","link":"https:\/\/qgarchitecte.com\/?page_id=68","title":{"rendered":"Approche"},"content":{"rendered":"\n<p class=\"has-text-color has-link-color has-asap-condensed-font-family has-medium-font-size wp-elements-d08e8b545474fb994cd4850dd75eacbb\" style=\"color:#25528f\">Pour moi, l&rsquo;architecture est l&rsquo;expression d&rsquo;une rencontre entre des personnes, une \u00e9poque et un territoire. Elle cherche \u00e0 r\u00e9v\u00e9ler avec justesse et humilit\u00e9 la singularit\u00e9 de chaque situation.<\/p>\n\n\n\n<p class=\"has-text-color has-link-color has-medium-font-size wp-elements-8426d387b6233882c7efe4bd99865918\" style=\"color:#25528f\">Par une observation attentive et une \u00e9coute sinc\u00e8re, je fais \u00e9merger une vision partag\u00e9e. Du dialogue na\u00eet alors un projet clair, coh\u00e9rent, capable de s&rsquo;enraciner durablement.<\/p>\n\n\n\n<p class=\"has-text-color has-link-color has-asap-condensed-font-family has-medium-font-size wp-elements-e3dc81bb539f1a4647757fd4a391f59f\" style=\"color:#25528f\">De la premi\u00e8re esquisse jusqu&rsquo;\u00e0 la livraison, je m&rsquo;engage avec exigence, rigueur et proximit\u00e9 pour cr\u00e9er une architecture sobre, durable et \u00e9vidente, qui semble simplement avoir toujours \u00e9t\u00e9 l\u00e0.<\/p>\n\n\n\n<p class=\"has-text-color has-link-color has-asap-condensed-font-family has-medium-font-size wp-elements-424211955340919674b305fc693b6cb9\" style=\"color:#25528f\"><\/p>\n\n\n\n<p><\/p>\n","protected":false},"excerpt":{"rendered":"<p>Pour moi, l&rsquo;architecture est l&rsquo;expression d&rsquo;une rencontre entre des personnes, une \u00e9poque et un territoire. Elle cherche \u00e0 r\u00e9v\u00e9ler avec justesse et humilit\u00e9 la singularit\u00e9 de chaque situation. Par une observation attentive et une \u00e9coute sinc\u00e8re, je fais \u00e9merger une vision partag\u00e9e. Du dialogue na\u00eet alors un projet clair, coh\u00e9rent, capable de s&rsquo;enraciner durablement. De [&hellip;]<\/p>\n","protected":false},"author":1,"featured_media":0,"parent":0,"menu_order":0,"comment_status":"closed","ping_status":"closed","template":"","meta":{"footnotes":""},"class_list":["post-68","page","type-page","status-publish","hentry"],"_links":{"self":[{"href":"https:\/\/qgarchitecte.com\/index.php?rest_route=\/wp\/v2\/pages\/68","targetHints":{"allow":["GET"]}}],"collection":[{"href":"https:\/\/qgarchitecte.com\/index.php?rest_route=\/wp\/v2\/pages"}],"about":[{"href":"https:\/\/qgarchitecte.com\/index.php?rest_route=\/wp\/v2\/types\/page"}],"author":[{"embeddable":true,"href":"https:\/\/qgarchitecte.com\/index.php?rest_route=\/wp\/v2\/users\/1"}],"replies":[{"embeddable":true,"href":"https:\/\/qgarchitecte.com\/index.php?rest_route=%2Fwp%2Fv2%2Fcomments&post=68"}],"version-history":[{"count":5,"href":"https:\/\/qgarchitecte.com\/index.php?rest_route=\/wp\/v2\/pages\/68\/revisions"}],"predecessor-version":[{"id":146,"href":"https:\/\/qgarchitecte.com\/index.php?rest_route=\/wp\/v2\/pages\/68\/revisions\/146"}],"wp:attachment":[{"href":"https:\/\/qgarchitecte.com\/index.php?rest_route=%2Fwp%2Fv2%2Fmedia&parent=68"}],"curies":[{"name":"wp","href":"https:\/\/api.w.org\/{rel}","templated":true}]}}

<p class="has-text-color has-link-color has-asap-condensed-font-family has-medium-font-size wp-elements-d08e8b545474fb994cd4850dd75eacbb" style="color:#25528f">Pour moi, l&rsquo;architecture est l&rsquo;expression d&rsquo;une rencontre entre des personnes, une époque et un territoire. Elle cherche à révéler avec justesse et humilité la singularité de chaque situation.</p>



<p class="has-text-color has-link-color has-medium-font-size wp-elements-8426d387b6233882c7efe4bd99865918" style="color:#25528f">Par une observation attentive et une écoute sincère, je fais émerger une vision partagée. Du dialogue naît alors un projet clair, cohérent, capable de s&rsquo;enraciner durablement.</p>



<p class="has-text-color has-link-color has-asap-condensed-font-family has-medium-font-size wp-elements-e3dc81bb539f1a4647757fd4a391f59f" style="color:#25528f">De la première esquisse jusqu&rsquo;à la livraison, je m&rsquo;engage avec exigence, rigueur et proximité pour créer une architecture sobre, durable et évidente, qui semble simplement avoir toujours été là.</p>



<p class="has-text-color has-link-color has-asap-condensed-font-family has-medium-font-size wp-elements-424211955340919674b305fc693b6cb9" style="color:#25528f"></p>



<p></p>

<p>Pour moi, l&rsquo;architecture est l&rsquo;expression d&rsquo;une rencontre entre des personnes, une époque et un territoire. Elle cherche à révéler avec justesse et humilité la singularité de chaque situation. Par une observation attentive et une écoute sincère, je fais émerger une vision partagée. Du dialogue naît alors un projet clair, cohérent, capable de s&rsquo;enraciner durablement. De [&hellip;]</p>
